u + 12. Let x = u - 63. Let t(d) = d**2 - 11. Give t(x).
-11
Let q(i) = i**3 + i**2 - 6*i - 7. Let s(l) = -46*l - 1015. Let r be s(-22). Calculate q(r).
-7
Let w(y) = -3*y**3 + 6*y**2 + 17*y + 9. Let x(k) = k**3 - 2*k**2 - 6*k - 3. Let d(s) = 4*w(s) + 11*x(s). Calculate d(4).
-21
Let u(y) be the second derivative of y**4/4 + 2*y**3/3 - y**2/2 - 267*y. What is u(4)?
63
Let p = -5 + 5. Let m(f) = 6*f**2 + 8*f + 14. Let a(j) = 5*j**2 + 7*j + 13. Let q(l) = 7*a(l) - 6*m(l). Calculate q(p).
7
Let r be (6/5)/(3/5). Let f(k) = -3 + k**r - 2*k + k + 0*k. What is f(0)?
-3
Let t(g) = 3*g - 18. Suppose 84 = 24*j - 10*j. Give t(j).
0
Let m(f) = -9 - f + 20 - 12. Let l(y) = -2*y - 3. Let b = 0 - 2. Let z(g) = b*l(g) + 5*m(g). Determine z(-6).
7
Let v = 193 + -199. Let b(r) = -r + 3. Give b(v).
9
Suppose -27 + 1 = -3*l + 4*z, 3 = -l - z. Let i be 27/6*-1*l. Let m(u) = -u**2 - 8*u + 8. Determine m(i).
-1
Suppose 5*w = w, -2*n = -5*w + 30. Let u(h) = -2*h - 24. Let b be u(n). Let r(s) = -s**2 + 7*s + 1. Determine r(b).
7
Let n(j) = -j**2 + 2*j + 5. Let t(b) = -b**3 - 12*b**2 + 34. Let l(u) = 3*n(u) - t(u). What is l(-8)?
-3
Let n(d) = d**2 - 7*d - 13. Suppose 27*z - 288 = -5*z. Calculate n(z).
5
Let j = -603 - -597. Let r(z) = z**3 + 7*z**2 + 3*z + 7. Calculate r(j).
25
Let p(a) = -6*a. Suppose 0 = 5*f - 2*h + 99, 0 = -f - 4*f + 5*h - 105. Let j = f + 23. Suppose 13*s - j = 9*s. Give p(s).
-6
Let q(y) = -1 - 9*y**2 + 10*y**2 + 5*y**2. What is q(2)?
23
Suppose 4 = -4*p + 2*p + 2*s, -5*p - 3*s + 30 = 0. Let r = p - 1. Suppose -3*t + 5 = 3*c - 2*c, -r*c + 7 = 3*t. Let o(g) = 12*g**3 - g**2 + 1. Give o(t).
12
Let x(b) = -2*b - 2. Let c(g) = -g. Let f be ((-4)/2)/(4/(-4)). Let y(o) = f*x(o) - 3*c(o). Determine y(3).
-7
Let t = 10 + -17. Let b(w) = 0*w - 175*w**3 + 5*w + 176*w**3 - 4 + 8*w**2. Give b(t).
10
Let k(c) = c**2 + 34*c + 148. Let j be k(-5). Let y(w) be the third derivative of 0*w - 4/3*w**j + 1/24*w**4 + 0 + w**2. Determine y(0).
-8
Let f(h) = -h**3 - 6*h**2 - h + 1. Suppose r + 19 = 2*p, 0*r = p - r - 11. Let l be (-76)/(-8) + (-4)/p. Suppose -39 + l = 5*i. Determine f(i).
7
Let s(r) = -893*r + 901*r - 1 - 2*r**2 + 3. Let h be s(4). Let v(f) = -2*f**3 + 2*f**2 + 2*f. Determine v(h).
-4
Suppose 0 = 6*o - 2*o - 4. Let q be 5 + o + (-2 - 1). Suppose q = -2*x + 3*x. Let j(g) = -2*g. Give j(x).
-6
Let a(t) = 3*t**3 - 2*t - 1. Let u be 4*(6/(-20))/((-36)/(-30)). Calculate a(u).
-2
Suppose 2*k + 2*c = 4*k - 6, 0 = -2*c - 2. Suppose 2*y = l - k, 2 - 4 = -4*l + 2*y. Let j(h) = -7 + l + 0*h - h. Calculate j(0).
-7
Let p(v) = 7*v + 147. Let f be p(-21). Let z(b) = b**2 + b. Calculate z(f).
0
Let s = 239 - 231. Let g(r) = -r**3 + 8*r**2 + 2*r + 11. Calculate g(s).
27
Suppose 0 = 4*m - 3*k - 28, -21 = m - 4*m + 5*k. Let i(r) = 2*r - 6. Give i(m).
8
Let u(j) be the third derivative of j**6/120 - 3*j**5/20 - 13*j**4/24 + 13*j**3/6 + 3*j**2 + 6. What is u(10)?
-17
Let n(c) = c**3 + 2*c**2 + 2*c. Let w = -266 - -265. What is n(w)?
-1
Let d(c) = 3*c**2 + 6*c**2 + 11 + 3*c**2 + 9*c - 11*c**2 + c. What is d(-5)?
-14
Let j(x) = -2*x. Let v(s) = 129*s**2 - 130*s**2 + s - 5 + 12. Let w be v(0). Give j(w).
-14
Let j(x) = 8*x + 31. Let q be (-60)/(-50)*5*(-2)/4. Let c be j(q). Let o(p) = -p + 10. Calculate o(c).
3
Suppose 79*k - 77*k = 3*j + 2, 2*j + k = -13. Let h(n) = n**2 - 15. Calculate h(j).
1
Suppose 4*i + l - 24 = 0, -2*i + 4*l = l - 26. Let j(p) = 4*p - i*p + 4 + 2*p. What is j(4)?
0
Let x = 110 + -115. Let z(s) = -4*s - 20. Determine z(x).
0
Let q(d) = 14 + 329*d - d**2 - 335*d - 6. Let h(s) = s**2 + 7*s - 9. Let y(k) = -6*h(k) - 7*q(k). Suppose -o - 2*n = -2, -5*n = -6 + 1. Calculate y(o).
-2
Let w(h) be the second derivative of h**4/6 + 7*h**3/6 + 2*h**2 - 9*h - 7. Suppose 4*a - c + 16 = 4*c, 4*a + 5*c = -16. What is w(a)?
8
Suppose 3*c = -5*y - 174, 4*c - 33 - 119 = 4*y. Let j be 8/y + 476/36. Let i(x) = -3 - j*x**2 + 3*x + 5 + 14*x**2. Calculate i(-2).
0
Let y be (-2)/(10/(-75)) + -3. Let x(s) = -s**3 + 12*s**2 - 3*s + 15. Give x(y).
-21
Let v(p) = -41. Let z(x) = -2*x - 83. Let j(a) = 5*v(a) - 3*z(a). Give j(-9).
-10
Let u(c) = c**2 + 1. Let y(j) be the second derivative of j**4/4 + j**3/6 + j**2 - 3*j. Let h(m) = 2*u(m) - y(m). Give h(1).
-2
Let h(s) = 74 + 3*s**2 - 186 - s**3 + 113 - 2*s. Calculate h(3).
-5
Let v(g) = g**2 + 4*g - 8. Let q be 2 + -2 + 1 + 543/(-3). Let f be (q/(-40))/(3/(-4)). What is v(f)?
4
Let z(c) be the first derivative of -1/3*c**3 + c - 4*c**2 + 11. Calculate z(-7).
8
Suppose 44*d = 12*d - 192. Let b(g) = g**2 + 6*g + 6. Determine b(d).
6
Let i = 50 + -47. Let g(k) = 49*k**2 + k + 57*k**2 - 4*k**i + 1 - 106*k**2. Suppose 0 = -5*q + 2*q - 3. What is g(q)?
4
Let c(o) = -2*o + 5 - 4 + 9. Give c(0).
10
Suppose 29*y - 15*y = -42. Let x(g) = g + 4. Give x(y).
1
Let g(l) = l**2 + l - 1. Let d be g(-2). Suppose f - 2*w + d = -4, w - 1 = 2*f. Let s(a) be the first derivative of -2*a**3/3 - a**2 + a + 1. What is s(f)?
-3
Let k(l) = -5*l**2 - 3*l + 2. Let g(i) = 1 - i**2 + 7*i**2 + 2*i + 1 - 3. Let j(h) = -4*g(h) - 5*k(h). Determine j(-7).
-6
Suppose -2*s + 0 = 2. Let k = 107 - 101. Let n(q) = -q + 8*q - 9*q - k*q**2 + q. Determine n(s).
-5
Let t(w) = w**2 + w. Let a = -6 + 3. Let j(s) = -4*s**2 - 7*s - 6. Let c(z) = a*t(z) - j(z). Determine c(-4).
6
Let z(f) = 33*f**2 + f - 2*f + 3*f - 26*f**2. Determine z(-1).
5
Let l(u) = 11*u**2 - 5*u - 20. Let y(z) = 9*z**2 - 6*z - 18. Let d(b) = 4*l(b) - 5*y(b). What is d(12)?
-14
Let y(u) be the third derivative of 0*u + 0 + 1/6*u**3 + 1/8*u**4 - 13*u**2. What is y(-4)?
-11
Suppose -6*t - 30 = -8*t. Suppose 2 = t*w - 17*w. Let s(l) = 11*l**2 - l. What is s(w)?
12
Suppose 0 = 2*u - 5 - 3. Let x(p) = -u - 5*p + 4*p + 1. Let t(i) = i**2 + 2*i - 3. Let k be t(-3). Calculate x(k).
-3
Let d(l) = -l**3 + 12*l**2 - 1. Let a be d(12). Let t(y) = -4*y**3 - y - 2. Let s be t(a). Let j(u) = 2*u + 1. Calculate j(s).
7
Let b(a) = -4*a + 2. Let l(o) = o - 1. Let m(j) = b(j) + 3*l(j). Suppose 5*q = 4*p, 8*p - 9 = 3*p + 4*q. Suppose p*y + 24 = y. Determine m(y).
5
Let r(a) = 267*a**2 - 3 - 3*a + 0 - 271*a**2 - a**3. Let b be 0/(-1)*(-2)/(-4). Suppose b = 3*p + 10 - 1. Calculate r(p).
-3
Let d be 3/2*(-8)/12. Let s(p) = -2*p**2 + 3 + 99 - 101 - p**3. Give s(d).
0
Let a(n) = 199*n - 189*n - n**2 + n**2 - 4 - n**2 + 1. What is a(3)?
18
Let d be (-582)/(-8) - 1/(-4)*1. Let b = -73 + d. Let w(o) = o**2 - o + 20. What is w(b)?
20
Let m(g) be the third derivative of g**7/504 - g**6/240 + g**5/60 + 5*g**4/24 - 10*g**2. Let b(c) be the second derivative of m(c). What is b(2)?
16
Let b(p) = 5*p + 40. Let a(q) = -10*q - 69. Let l(u) = -3*a(u) - 5*b(u). Give l(-1).
2
Let m(i) = -i**3 + 9*i**2 + 10*i - 8. Suppose 4*p - 74 = a - 29, 5*p - 3*a = 65. What is m(p)?
-8
Let w(v) = -4*v**2 - 15*v + 5. Let o(y) = 9*y**2 + 30*y - 16. Let n(g) = 2*o(g) + 5*w(g). Give n(-6).
11
Suppose 5*l = -18 + 43. Let u(w) = -w**2 - 1. Let m(j) = 6*j**2 - 3*j + 5. Let s(o) = l*u(o) + m(o). Suppose 5*t - 18 = 2*b, -4*t + 2*b = 5*b - 19. Give s(t).
4
Let t(j) = -4*j - 4 + 2*j**3 - 2*j**3 + 6*j**2 - j**3. Let k(b) = -7 + b**3 + b + b + 6*b + 3*b**2 - 10*b**2. Let w be k(6). Give t(w).
1
Let r(p) = 5*p - 6. Let m(q) = -3*q + 3. Let n(w) = 7*m(w) + 4*r(w). Let h be 10*(0 - (-3)/1). Suppose -h = 3*u + 3*o, u - 2*u = 2*o + 15. Determine n(u).
2
Let u(a) = 2*a**2 + 9*a - 5. Let g(o) = -3*o**2 - 17*o + 11. Let p(m) = -3*g(m) - 5*u(m). Let b(i) = 18*i - 12. Let j be b(1). Give p(j).
-8
Suppose 2*g + 0 - 4 = 0. Suppose 2*q - 10 = -3*s, 2*s - q - 15 = -4*q. Let o(y) = -g + 3*y**3 + y + 5*y**2 - 4*y**2 + s*y**3 + 3. Calculate o(-1).
-2
Suppose 2*g + 2*x + 8 = g, 3*g + 3*x = -12. Suppose -7*j - 6*j + 65 = 0. Suppose g = -0*a + j*a - 5. Let q(k) = 7*k**3 - k**2 - k + 1. What is q(a)?
6
Let l = 0 + 4. Let v = 2 + l. Let w(j) = -2*j + 7. Calculate w(v).
-5
Let t(p) = p**3 + 2*p**2 + p + 1. Let o = 22 + -22. Suppose -3*j - 8 + 2 = o. Let d be t(j). Let g(r) = 5*r**3 + r**2. What is g(d)?
-4
Let r(a) = -3 + a - 1 + 2. Let k(j) be the first derivative of j**3/3 + j**2/2 + 2*j + 8. Let w be k(0). Give r(w).
0
Let q(p) = -p**3 - 7*p**2 - 8. Let g(j) = j**3 - 14*j**2 - 13*j - 6. Let x be g(15). Let a(w) = 27*w - 3 - 25*w + x. Let s be a(-14). What is q(s)?
-8
Suppose 4*w + 4*u =